0) is divided by 44.
42
Suppose -5*x + 6*x = 2. Let w(v) = 24*v - 7. Calculate the remainder when w(x) is divided by 11.
8
Let o(z) = -13*z + 7. What is the remainder when o(-3) is divided by 24?
22
Let o be (-7 - -8)*(-5)/(-1). Suppose -4*s - 15 = -o*s. Let b(f) = f**2 - 4*f - 2. What is the remainder when b(-6) is divided by s?
13
Let w(u) = 3*u**2 - 4*u - 5. What is the remainder when w(4) is divided by 16?
11
What is the remainder when ((-27)/(-15))/1*60 is divided by 14?
10
Suppose 541 = 29*a - 532. Calculate the remainder when a is divided by 13.
11
Suppose -539 + 379 = -2*n + 2*w, -n + 3*w + 72 = 0. What is the remainder when 159 is divided by n?
75
Suppose -i + 87 - 27 = 0. Let g = 17 + 11. Calculate the remainder when (440/i)/(2/15) is divided by g.
27
Suppose -13*c = -16*c + 474. What is the remainder when c is divided by 40?
38
Let x = 7897 - 4100. What is the remainder when x is divided by 50?
47
Let s(l) = -2*l**3 - 2*l**2 - 1. Let w(n) = n**3 + n - 1. Let b(a) = s(a) + 3*w(a). Calculate the remainder when b(5) is divided by 23.
17
Let v be (8 + -7)*3/1. Let f = v + 9. What is the remainder when (-22 + -1)/(3 + -4) is divided by f?
11
Suppose 0*a = 3*a + 54. Let s = a - -33. What is the remainder when 43 is divided by s?
13
Let c(q) = 11*q**2 - q + 2. Let m(w) = -3*w - 11. Let u be m(-3). What is the remainder when c(u) is divided by 13?
9
Let i = 318 + -60. What is the remainder when i is divided by 29?
26
Suppose -4*s = -16 - 120. Calculate the remainder when 148 is divided by s.
12
What is the remainder when (15/5 - -84)*1 is divided by 22?
21
Let z = 77 + -38. Let n(l) = 168*l - 6041. What is the remainder when z is divided by n(36)?
4
Let t = -3 - -5. Suppose -h - 32 = -4*a + 3*h, 5*h = 3*a - 28. Calculate the remainder when t/4 - 164/(-8) is divided by a.
3
Let l(x) = 4*x**3 - 17*x**2 + 17*x - 19. Calculate the remainder when l(6) is divided by 49.
41
Let a = 71 - 64. What is the remainder when a is divided by 5?
2
Suppose 4*x + 4*v = x + 88, v - 4 = 0. What is the remainder when 94 is divided by x?
22
Let j(h) = -7*h - 58. What is the remainder when j(-18) is divided by 23?
22
Suppose 1163 = 3*v - 346. Calculate the remainder when v is divided by 42.
41
Suppose -72 = -4*f - 44. What is the remainder when f is divided by 5?
2
Suppose 0 = 5*w + 3*c + 53, 2*w - w + c + 11 = 0. Calculate the remainder when 184 is divided by 2214/135 + 2/(w/(-3)).
14
Let d(n) = 2*n**2 - 19*n + 45. What is the remainder when 127 is divided by d(3)?
1
Suppose 2*l - 13 = a, 1 - 20 = -l + 3*a. Let z be 0/(l + (-8)/4). Suppose z*v + 4*v = 88. What is the remainder when 42 is divided by v?
20
Let v = 2038 - 1991. What is the remainder when v is divided by 24?
23
Let q(b) = b**2 - b + 48. Calculate the remainder when q(0) is divided by (-8)/((-24)/117) - 14.
23
Let m(h) = -h**2 - 9*h + 10. Let f be m(-10). Suppose 2*w = -f*w + 2, -2*o = 2*w - 16. Calculate the remainder when 24 is divided by o.
3
Suppose 2*j - 26 = 4*y, -5*j + 5 + 10 = 0. Let f = 255 + -150. What is the remainder when f is divided by (3/y)/((-1)/45)?
24
Suppose -5*u = -0*u - 30. Let o = -3103 - -3120. What is the remainder when o is divided by u?
5
Let i = 204 - 144. Suppose 0 = 5*x - 0*j + 2*j - i, -36 = -3*x - 3*j. Suppose 0 = 23*h - 26*h + x. Calculate the remainder when 7 is divided by h.
3
Let f = 512 - 336. Calculate the remainder when f is divided by 20.
16
What is the remainder when 239 is divided by (30/(-5) - -14) + 4?
11
Suppose 35 = 10*p - 5*p. Calculate the remainder when 34 is divided by p.
6
Let k(g) = 57*g**3 + g**2 - g. Let m be -15 + 6*(-3)/(-6). Let x be (-4)/(-3) + 4/m. Calculate the remainder when k(x) is divided by 15.
12
Suppose b = -b - 2*c + 86, c + 89 = 2*b. Suppose 2*i + 3*l - b = 0, 4*i = l - 2*l + 78. What is the remainder when 53 is divided by i?
15
Suppose y + 3*j = 51, 6 + 29 = y - j. Calculate the remainder when (-1600)/(-14) - (-24)/(-84) is divided by y.
36
Let f(o) = o**3 - 12*o**2 - 10*o - 120. What is the remainder when 507 is divided by f(14)?
111
Let l(w) = w**3 + 14*w**2 + 11*w - 20. Let g = -116 - -103. Calculate the remainder when 15 is divided by l(g).
3
Let n(i) = i**3 + 7*i**2 + 2*i - 8. Let r be n(-4). Let j = 66 - r. Let u = j + -13. Calculate the remainder when u is divided by 8.
5
Let k(m) be the first derivative of -m**4/4 - 3*m**3 + 3*m**2/2 + 28*m + 11. What is the remainder when k(-10) is divided by 34?
30
Let r(m) = 4*m**3 - 20*m**2 + 20*m - 34. Let u(n) = n**3 - n**2. Let w(h) = -r(h) + 5*u(h). Calculate the remainder when w(-16) is divided by 21.
14
Let x = 55 - 59. Calculate the remainder when 15 is divided by x/5*(1 - (7 - -4)).
7
Suppose 184 = 5*r - 3*r + 4*m, 3*m = r - 97. What is the remainder when r is divided by 32?
30
Let i(a) = -3*a**3 - 9*a**2 - 22*a - 3. Calculate the remainder when i(-3) is divided by 16.
15
Let v(d) = 61*d**2 - 22*d - 4. Calculate the remainder when v(1) is divided by (-2)/(-6) - (-41)/3.
7
Let k = -440 - -448. What is the remainder when 173 is divided by k?
5
Let q(a) = 6*a**2 - 50*a + 32. Calculate the remainder when q(11) is divided by 37.
23
Let z be (-38)/(-342) - (-1)/(-9). Suppose 3*d = 5*b + 154, z = -2*d + 2*b + 101 - 5. Calculate the remainder when 166 is divided by d.
37
Let v = -678 - -712. Calculate the remainder when v is divided by 17.
0
Suppose 8*d - 71 = 137. Suppose 0 = -d*n + 19*n + 105. What is the remainder when 24/(-30)*(-140)/2 is divided by n?
11
Suppose 27*a - 35*a = -1592. Calculate the remainder when a is divided by 52.
43
Suppose 129 = z - 3*w, 57*w - 721 = -5*z + 53*w. Calculate the remainder when z is divided by 29.
25
Suppose 4*u - 3*b - 28 = 15, u - 2*b - 17 = 0. Let h(p) = -18*p + 2. Let g(m) = -2*m + 9. Let l be g(5). What is the remainder when h(l) is divided by u?
6
Suppose 0*f + 9 = 3*z - 3*f, -3*f = 3*z + 21. What is the remainder when 47 is divided by (-6)/(z + (4 - 0)) - -19?
15
Let b = -129 - -132. What is the remainder when 13 is divided by b?
1
Let c = -864 - -902. Let j(l) = l + 14. Calculate the remainder when c is divided by j(6).
18
Suppose -3*k + x + 5 = -2, -4*x = k + 2. Let v be -6*1/(k/(-1)). Suppose v*u + 33 = 162. Calculate the remainder when u is divided by 11.
10
Suppose -o = 6*o - 875. Suppose 0 = -6*w + w + o. Calculate the remainder when 72 is divided by w.
22
Suppose -32*m = -37*m - 2*c + 460, 0 = 5*m - c - 445. Calculate the remainder when m is divided by 16.
10
Let v(g) be the third derivative of -g**4/2 - g**3/6 + 10*g**2. What is the remainder when 45 is divided by v(-2)?
22
Suppose -4*r = 8, 4*p = 3*p - 4*r + 64. Suppose -2*k - 92 = -4*i, i = -2*i + 3*k + p. What is the remainder when i is divided by 12?
10
Suppose 20 = -5*l + 9*n - 4*n, 2*l = -3*n + 17. Let j(v) = -2*v + 0 - 1 - l. What is the remainder when 27 is divided by j(-6)?
7
Suppose -4 = -r - v, 3*r = -5*v + 9*v + 47. What is the remainder when 158 is divided by r?
5
Suppose -25 = -2*v + 5*q, 0 = -3*v - 8*q + 7*q + 46. What is the remainder when v is divided by 5?
0
Let r be (-128)/48*258/8. Let w = r - -102. Calculate the remainder when 60 is divided by w.
12
Let k(o) = 123*o**2 - 4*o - 22. Calculate the remainder when k(-3) is divided by 50.
47
Let q(v) = -9*v + 11. Let i be q(1). Let a be ((-6)/(-5))/(5/175). Calculate the remainder when 61 is divided by ((-1)/(-1))/(i/a).
19
Let v(t) = 22*t**2 - 16*t - 65. Calculate the remainder when v(-3) is divided by 53.
22
Let b = -125 - -134. Suppose 5*h + 1 - 66 = 4*m, 0 = -3*h - 4*m + 71. Calculate the remainder when h is divided by b.
8
Suppose -6*w = -3*w - 36. Let y(z) = z**2 + 6*z + 7. Let a(s) = -s**2 - s + 3. Let d be a(3). What is the remainder when y(d) is divided by w?
10
Suppose -11*s - 29*s + 1040 = 0. Calculate the remainder when s is divided by 21.
5
Let i be (13/(65/(-30)))/(-2). Suppose -3*c = n - 4, i*n - 2*c + c - 52 = 0. Calculate the remainder when n is divided by 9.
7
Let m(w) = -w + 5. Let r be m(6). Let h(p) = 3*p**2 + p + 2. Calculate the remainder when 21 is divided by h(r).
1
Let w(b) = -b**3 + 5*b**2 - 5. Suppose 41 = 5*x - 4*q, -x = 4*x - 3*q - 42. Let p = x + -2. Calculate the remainder when w(4) is divided by p.
4
Suppose 18*q = 51 + 309. Calculate the remainder when 57 is divided by q.
17
Let r(p) 